hat is the hundred thousands digit of 181805649?
8
What is the units digit of 81893679?
9
What is the thousands digit of 3586148510?
8
What is the tens digit of 1381480265?
6
What is the units digit of 88445065?
5
What is the tens digit of 30190497?
9
What is the units digit of 516519533?
3
What is the hundred millions digit of 632658161?
6
What is the ten millions digit of 66642660?
6
What is the ten thousands digit of 39453422?
5
What is the tens digit of 12435798?
9
What is the ten millions digit of 20876151?
2
What is the hundreds digit of 12247261?
2
What is the hundred thousands digit of 64090977?
0
What is the hundred thousands digit of 140897317?
8
What is the millions digit of 536784204?
6
What is the ten millions digit of 45008777?
4
What is the ten thousands digit of 378795632?
9
What is the hundred thousands digit of 346605360?
6
What is the ten millions digit of 11176542?
1
What is the ten millions digit of 100148803?
0
What is the ten millions digit of 20544647?
2
What is the hundred thousands digit of 3932157722?
1
What is the hundreds digit of 851683599?
5
What is the units digit of 2041990402?
2
What is the tens digit of 5936657901?
0
What is the hundred thousands digit of 5684347198?
3
What is the hundred millions digit of 2450196252?
4
What is the hundred thousands digit of 2007663907?
6
What is the billions digit of 3855984131?
3
What is the hundred thousands digit of 1289705730?
7
What is the units digit of 1418064320?
0
What is the tens digit of 211855471?
7
What is the hundreds digit of 52825394?
3
What is the millions digit of 237013250?
7
What is the ten thousands digit of 581691811?
9
What is the ten thousands digit of 566434153?
3
What is the tens digit of 95181025?
2
What is the hundred thousands digit of 3622579428?
5
What is the ten millions digit of 964548166?
6
What is the hundred millions digit of 2244921642?
2
What is the units digit of 14109759?
9
What is the hundred thousands digit of 985919501?
9
What is the hundreds digit of 52386534?
5
What is the tens digit of 143144150?
5
What is the hundred thousands digit of 831184077?
1
What is the hundreds digit of 61032789?
7
What is the millions digit of 1289836708?
9
What is the billions digit of 3528789330?
3
What is the hundred millions digit of 268929681?
2
What is the ten millions digit of 574050739?
7
What is the units digit of 79787632?
2
What is the thousands digit of 9306084463?
4
What is the hundred millions digit of 475979283?
4
What is the thousands digit of 30786707?
6
What is the ten millions digit of 508453261?
0
What is the tens digit of 62716887?
8
What is the thousands digit of 2344663678?
3
What is the ten thousands digit of 4570779744?
7
What is the thousands digit of 122736574?
6
What is the hundred thousands digit of 438922516?
9
What is the ten thousands digit of 7641672993?
7
What is the millions digit of 97246846?
7
What is the thousands digit of 4444636?
4
What is the tens digit of 45996831?
3
What is the ten thousands digit of 43291535?
9
What is the hundreds digit of 109352283?
2
What is the millions digit of 95176621?
5
What is the hundred thousands digit of 2463451360?
4
What is the millions digit of 320243548?
0
What is the ten millions digit of 165521190?
6
What is the hundreds digit of 892583539?
5
What is the tens digit of 263262516?
1
What is the ten millions digit of 13261494?
1
What is the millions digit of 18251623?
8
What is the tens digit of 26246435?
3
What is the millions digit of 733274222?
3
What is the millions digit of 48618463?
8
What is the units digit of 65801892?
2
What is the hundred thousands digit of 116990023?
9
What is the hundreds digit of 48770379?
3
What is the hundreds digit of 16411489?
4
What is the thousands digit of 229671381?
1
What is the tens digit of 1155369991?
9
What is the hundreds digit of 1840357030?
0
What is the billions digit of 1193676810?
1
What is the hundreds digit of 1117316215?
2
What is the ten millions digit of 2744615668?
4
What is the ten millions digit of 3460247479?
6
What is the hundred millions digit of 1482380609?
4
What is the billions digit of 5984409498?
5
What is the units digit of 8135776755?
5
What is the hundreds digit of 1163036062?
0
What is the thousands digit of 1100574731?
4
What is the ten thousands digit of 37610228?
1
What is the millions digit of 51994957?
1
What is the tens digit of 41649531?
3
What is the ten thousands digit of 6119753?
1
What is the hundreds digit of 236083914?
9
What is the ten thousands digit of 10933111?
3
What is the thousands digit of 1222768502?
8
What is the ten millions digit of 728542763?
2
What is the tens digit of 736931833?
3
What is the units digit of 763000294?
4
What is the units digit of 277589190?
0
What is the hundreds digit of 49885697?
6
What is the hundreds digit of 7260090?
0
What is the tens digit of 809073521?
2
What is the tens digit of 221405628?
2
What is the thousands digit of 1344628264?
8
What is the millions digit of 3267828291?
7
What is the millions digit of 24979288?
4
What is the ten millions digit of 249330081?
4
What is the hundred thousands digit of 236439969?
4
What is the hundreds digit of 12272037?
0
What is the millions digit of 998788901?
8
What is the billions digit of 7720406342?
7
What is the billions digit of 2534658679?
2
What is the hundred millions digit of 414148294?
4
What is the ten thousands digit of 17794879?
9
What is the ten millions digit of 12039894?
1
What is the hundred millions digit of 854916172?
8
What is the ten thousands digit of 488386951?
8
What is the ten thousands digit of 51801533?
0
What is the hundred millions digit of 1759968880?
7
What is the hundred millions digit of 1981860712?
9
What is the hundreds digit of 1207089272?
2
What is the ten thousands digit of 228216975?
1
What is the hundred thousands digit of 63538310?
5
What is the ten millions digit of 2972651920?
7
What is the thousands digit of 28703510?
3
What is the units digit of 9769199?
9
What is the ten millions digit of 785605928?
8
What is the ten thousands digit of 1134958482?
5
What is the ten millions digit of 2461978683?
6
What is the ten millions digit of 115604106?
1
What is the ten thousands digit of 62189172?
8
What is the millions digit of 622993049?
2
What is the ten millions digit of 22590733?
2
What is the hundred millions digit of 2518663995?
5
What is the millions digit of 161369842?
1
What is the hundred thousands digit of 6108196771?
1
What is the hundreds digit of 380720532?
5
What is the tens digit of 1540413879?
7
What is the hundreds digit of 26995287?
2
What is the hundred thousands digit of 31611295?
6
What is the hundred thousands digit of 184205227?
2
What is the thousands digit of 1005520115?
0
What is the ten millions digit of 575237507?
7
What is the thousands digit of 92730836?
0
What is the tens digit of 28020048?
4
What is the units digit of 1635455043?
3
What is the ten thousands digit of 828109958?
0
What is the ten thousands digit of 89302641?
0
What is the hundreds digit of 144919532?
5
What is the ten millions digit of 2874504327?
7
What is the billions digit of 7802284424?
7
What is the units digit of 2810579611?
1
What is the units digit of 258323793?
3
What is the thousands digit of 514303269?
3
What is the thousands digit of 4789601129?
1
What is the hundreds digit of 310939249?
2
What is the ten thousands digit of 3730013315?
1
What is the hundreds digit of 109074994?
9
What is the ten millions digit of 502763034?
0
What is the ten millions digit of 25362665?
2
What is the millions digit of 286571560?
6
What is the ten millions digit of 879649478?
7
What is the hundreds digit of 858271047?
0
What is the hundreds digit of 196130281?
2
What is the thousands digit of 6002275400?
5
What is the ten thousands digit of 702595112?
9
What is the ten thousands digit of 26954780?
5
What is the hundreds digit of 64412589?
5
What is the hundred thousands digit of 759793921?
7
What is the tens digit of 269510781?
8
What is the ten thousands digit of 3391122691?
2
What is the units digit of 5587188?
8
What is the millions digit of 1212615727?
2
What is the hundred thousands digit of 762851905?
8
What is the hundred millions digit of 3505565523?
5
What is the millions digit o